 = 15 + -21. Let k be x(n). Let v(s) be the first derivative of -s**4/4 - 7*s**3/3 - s**2 + 5*s - 50. Give v(k).
19
Let x(y) = 2*y**3 - 4*y**2 - 2*y - 9. Suppose 24 = 4*o, -5*p + 58 = -4*o + 62. Give x(p).
47
Let i(k) be the second derivative of k**3/3 + 11*k**2/2 + 612*k - 1. What is i(-8)?
-5
Let t(o) = 17*o - 105. Let q(l) = -4*l + 23. Let u(b) = -9*q(b) - 2*t(b). Determine u(-4).
-5
Let p = -164 - 69. Let a = p - -233. Let b(v) = -v**3 - v**2 + v + 20. Give b(a).
20
Let a = -142 + 143. Let z(q) = -10*q - 2*q + 13*q - a. Suppose -3*o - 28 = o. Determine z(o).
-8
Let s(u) = 2*u + 7. Let l(t) = 4*t**2 - 11*t + 5. Let n be l(8). Let f = -117 + n. Let i = 51 - f. Calculate s(i).
-3
Let g = 5808 - 5808. Let k = 8 + -5. Let o(j) = -6*j + 4*j + j**k - 2*j**3 + 3*j. Determine o(g).
0
Let p(x) = 2*x**2 + 36*x - 3. Let l be 1/((-7)/42) + -12. What is p(l)?
-3
Let n(p) = -32*p - 49. Let l(f) = -39*f - 51. Let y(w) = 5*l(w) - 6*n(w). Calculate y(7).
18
Let w(j) = j**3 - 6*j**2 + 6*j - 23. Let u be w(6). Let r(v) = 0 - 50*v + u - 8 + 51*v. Let b(n) = n - 4. Let c be b(0). Determine r(c).
1
Let g(m) = 4*m - 10*m - 38 + 106 - 37 - 41. What is g(-4)?
14
Suppose -5*y + 36 = y. Let h(m) be the third derivative of 0*m - 1/60*m**5 + 0 + 5/24*m**4 - 1/6*m**3 - 23*m**2. What is h(y)?
-7
Let k = -16 + 10. Let m(f) = -4*f**2 + 3*f + 11. Let r(i) = -2*i - 5*i**2 + 20 + 5*i - i - 8. Let l(o) = -6*m(o) + 5*r(o). What is l(k)?
6
Let h = 11732 + -11727. Let b(i) = i + 32. Give b(h).
37
Suppose 0 = -11*s + 3*s - 8. Let n be (s/1)/((-70)/15 + 5). Let k(m) = -13*m + 4. Let w(b) = -25*b + 7. Let y(g) = -11*k(g) + 6*w(g). Calculate y(n).
19
Let q(r) = 24*r**2 - 3*r + 3. Let n(w) = 3 - 4*w - 1 + 13*w**2 + 2*w. Let z(m) = -5*n(m) + 3*q(m). What is z(1)?
7
Let k(r) = -238*r**2 - 237*r**2 + 745*r**2 - 35 - 257*r**2 - 17*r + r**3. What is k(-14)?
7
Let g = 13 - 22. Let a be 3 + 3/g*3. Let h(i) = -5*i**a - 2*i + 2 + 5*i - i**3 + 4*i + 3. Determine h(-6).
-1
Let a = -126 - -114. Let o(u) = -113*u + 40*u - u**3 + 33*u + 27*u - 13*u**2 - 8. Give o(a).
4
Let l(m) = -m**3 + m - 1. Let y(z) = -3*z**3 - 2*z**2 + 8*z + 5. Let h(f) = 2*l(f) - y(f). Suppose -5*r + 1419 = 5*v + 1494, -4*v = -r + 45. Calculate h(r).
2
Let j be (3*(-5)/4)/((-110)/176). Let n(s) = s**2 + s - 31. Give n(j).
11
Let m(h) = -5*h**2 + 3*h + 7. Let y(w) = -11*w**2 + 6*w + 15. Suppose 42 = 2*l - 5*i + 9, -5*l + 30 = -2*i. Let z(p) = l*y(p) - 9*m(p). Determine z(5).
7
Let d(h) = -h**3 + 5*h**2 + 9*h - 13. Let t be d(6). Let s(k) = -152*k**3 - 13*k**2 + 1 + 151*k**3 + t*k**2. What is s(-8)?
1
Let q(v) = 4*v**2 - 11*v**2 + 4117 + 5*v**2 + 12*v - 8227 + v**2 + 4115. Let m(y) = 3*y**2 - y + 2. Let t be m(2). Calculate q(t).
5
Let r(u) = -u - 1 - u - 2*u**2 + u. Let f be (-4)/(-5)*(-145)/(-116)*-4. Determine r(f).
-29
Suppose -70 = 43*f + 153 - 8. Let l(h) = -h**3 - 6*h**2 + 3*h - 8. Give l(f).
-48
Let n(u) = 3*u - 37. Suppose 102 = 3*t - 3*g, 5*t + 7*g = 2*g + 120. Let b = -19 + t. Let k be n(b). Let f(o) = -o**2 - 8*o + 2. What is f(k)?
9
Let p(r) = 152*r + 193*r - 343*r. Let d be -2*6/(-3) + 9/(-3). Calculate p(d).
2
Let s = 135 - 129. Let d be s/75 + (-1208)/100. Let b(p) = -p**3 - 13*p**2 - 13*p - 14. Calculate b(d).
-2
Let b(v) = 2*v**2 + 24*v + 98. Let n be b(-6). Suppose -2*d + 22 = 3*g + 2*g, 3*d - n = -4*g. Let u(h) = h**3 - 7*h**2 + 6*h - 4. What is u(d)?
-4
Let c(k) = -k - 8. Suppose 0 = -4*z + 2*p - 32, 5*z + p + 36 = 3. Calculate c(z).
-1
Let s(d) = -35*d**2 - 2*d. Let v(i) = -114*i**2 - 7*i - 4. Let y(b) = 13*s(b) - 4*v(b). What is y(-5)?
31
Let d(h) = h**3 - 39*h**2 + 202*h - 9. Let r be d(6). Let k(x) = -x**3 + 13*x**2 + 31*x - 14. What is k(r)?
1
Let u(a) = -4*a**2 + 1. Let b be u(-1). Let n(q) = 7*q**2 + 39*q + 73. Let y(i) = 3*i**2 + 17*i + 29. Let d(s) = 2*n(s) - 5*y(s). Determine d(b).
13
Suppose -7*q + 6*q + 6*q = 0. Suppose -w - 2*s + 34 + 14 = 0, q = w - 4*s - 36. Suppose -w*i + 40*i + 20 = 0. Let o(d) = -d**2 + 7*d + 3. Determine o(i).
13
Let u(o) = -18*o**3 - o**2 - 4*o + 5. Let n(z) = 9*z**2 - 198*z + 1. Let j be n(22). Determine u(j).
-18
Let r be 14*1/((-2)/1). Let w(g) = 3*g**3 + 3*g**2 + 2*g**3 - 76926120 - 4*g**3 - 3*g + 4*g**2 + 76926113. What is w(r)?
14
Let x = -10970 - -10970. Let h(c) = 6*c - 16. Calculate h(x).
-16
Let j(x) = 16 + 9 + 22 - 7 - 13*x + 17*x. Calculate j(-28).
-72
Let g(a) = 11*a**2 + 7*a + 57. Let m(r) = 18*r**2 + 18*r + 113. Let q(f) = 5*g(f) - 3*m(f). What is q(22)?
12
Let t(y) be the first derivative of -y**2/2 + 7*y + 1061. Give t(-8).
15
Let j(p) = p**2 + p. Let x(q) = q**2 - 34*q + 90. Suppose 4*w - 12 = 0, -2*w = 3*d + 43 - 142. Let b be x(d). Calculate j(b).
6
Suppose -82*x - 97*x + 283*x + 1768 = 0. Let t(y) = y**2 + 10*y - 56. What is t(x)?
63
Let d(r) be the third derivative of r**6/120 + r**5/10 + 7*r**4/24 + 7*r**3/6 + 27*r**2 - 16. Calculate d(-6).
-35
Let r(p) = -13*p**2 + 16*p + 1. Let y = 7 + -5. Let j(g) = -3*g**2 + 4*g. Let x(s) = y*r(s) - 9*j(s). Suppose -250*q + 634 + 116 = 0. Give x(q).
-1
Let g(c) be the third derivative of c**4/4 - 4*c**3/3 + c**2. Suppose -6*q - 18 = -6*h + 11*h - 2*q, -3*q = 21. Give g(h).
4
Suppose -3*p + 4 = -14. Let w(r) = -5*r**2 - 6*r - 118. Let k(x) = -x**2. Let d(f) = -6*k(f) + w(f). Let s(c) be the first derivative of d(c). Give s(p).
6
Let h(p) = -2*p - 82*p**3 + 158*p**3 - 3*p + 4 + 2*p**2 + 6*p - 78*p**3. Give h(-3).
73
Let h(g) = -g**3 - 10*g**2 - 7 + 19 + 11 - 43*g + 70*g + 14. Let d be h(-12). Let u(x) = -12*x. Determine u(d).
-12
Suppose 26 = 3*k - 4*n, 2*k - n - 9 = -0*k. Let p(q) = 4*q**k - 3*q**3 - 2*q**2 + 0*q**2 + 2*q**3. Let y(t) = t - 19. Let j be y(21). Give p(j).
0
Let x(w) = w**3 + 14*w**2 - 15*w - 1. Suppose -3*b = -2*p - 21, 0 = 5*p + 5*b + 141 - 51. Let s be x(p). Let g(q) = 3*q**3 - 2*q - 1. What is g(s)?
-2
Let z(r) be the second derivative of -r**5/20 - r**4/4 + 11*r**3/3 + 92*r - 9. Calculate z(-7).
42
Let n be (-4 - -3 - -2)/((-1)/8). Let i be ((-52)/n)/((-3)/(-6)). Suppose 5*q = -27 - i. Let m(o) = o**3 + 8*o**2 + 8. What is m(q)?
8
Suppose -5 = -156*d + 151*d. Let x be 2/(-3)*3/(-2). Let s(w) = 10*w - 11*w + 10 - x + d. Calculate s(0).
10
Let k(w) = 6*w**3 - 3*w**2 - w + 21. Let b(i) = 13*i**3 - 5*i**2 - i + 46. Let o(d) = -5*b(d) + 11*k(d). What is o(7)?
-90
Let r(l) = l**2 + 2*l + 6. Suppose 313 + 701 = -26*u. Suppose s + 0*s + 45 = 0. Let g = s - u. Determine r(g).
30
Let t(q) = q**2 - 8. Let w be 3/7 - 2015/(-35)*1. Let c be w/(-10) - 189/(-105). Calculate t(c).
8
Let s = 6910 - 6879. Let y(l) = -l**3 + 32*l**2 - 33*l + 60. What is y(s)?
-2
Let v be 3 + (-26)/(-8) - (-1)/(-4). Let i(c) = -c**3 + 7*c**2 - 9*c + 14. What is i(v)?
-4
Let b(g) = -18*g**3. Let c = -20 + 43. Suppose -5*f + 4*d - 126 = 0, d + c + 39 = -3*f. Let k be -1 - (-21)/27 - f/18. Give b(k).
-18
Let s(o) be the third derivative of o**4/6 - o**3/6 + 2*o**2 + 543*o - 2. Calculate s(4).
15
Let o be -4 - -5 - (-28)/(-4). Let p = 22 - 25. Let h(s) = 5*s**2 + 5*s - 1. Let y(f) = 26*f**2 + 24*f - 4. Let x(c) = p*y(c) + 16*h(c). Calculate x(o).
20
Let c be 8*(-2)/(-8)*18. Let s = 35 - c. Let y(n) = 4*n - 5. Let p(f) = -2*f + 3. Let i(d) = -7*p(d) - 4*y(d). Determine i(s).
1
Let z(l) = -9*l - 321. Let r(q) = 7*q**3 + 91*q**2 + 2*q - 10. Let p be r(-13). Determine z(p).
3
Let i be (3 + -4)*(-21 - 0). Suppose -5*o + 2*m + 76 = 0, -17 = o + 2*m - 25. Suppose -7*x + i = -o. Let b(k) = -k + 6. What is b(x)?
1
Let n be (-3 - -2)/(((-16)/(-22))/(-8)). Let t(z) = 2 - z**2 + 19*z - 4*z - n*z. Determine t(5).
-3
Suppose 3*q + 317*a - 322*a + 26 = 0, -3*a + 6 = 3*q. Let n(z) = z + 6. Let d be n(-6). Let k(t) = d*t + 0*t + 2 + t. What is k(q)?
0
Let i(j) = -11*j + 16. Let b be (-4)/((24/40)/(27/(-18))). What is i(b)?
-94
Let o(f) = -179*f + 1071. Let u(l) = 93*l - 534. Let s(y) = 2*o(y) + 5*u(y). What is s(5)?
7
Suppose 0 = -8*z + 17 - 1. Suppose z*o - 4*o = -0*o. Suppose 5 = -f, o*f = -2*n + 3*f + 5. Let q(x) = 5*x + 5. What is q(n)?
-20
Suppose -10*j + 555 = 135. Suppose 46*x - 40*x = -j. Let o(c) = 4*c**2 + c**3 + c + 0*c**3 + 3*c**2. Calculate o(x).
-7
Let s(a) = a**3 - 5*a**2 + 2*a + 3. Let k(p) be the second derivative of -p**3/3 + 11*p**2 + 52*p. Suppose 5*w - 9 = 4*w. Let o be k(w). Calculate s(o).
-5
Let h(v) = -2*v**2 - 13*v - 3